 -84 + 42. Let d be (-16)/(-24)*f/4. Let t = 52 + d. What is the tens digit of t?
4
Let q be ((-2 + 2)*-1)/1. Let z(l) = -l**2 - 2*l - 46. Let y be z(q). Let b = y + 65. What is the tens digit of b?
1
Let w be 5/20 + (-307)/(-4). Let v = -37 + w. What is the units digit of v?
0
Let x(g) = -6*g - 1. Let t be x(-4). Let j = t - 11. What is the tens digit of j?
1
Suppose 5*h = s - 658, 0 = 5*h + 33 - 8. Suppose s = 6*w - 9. What is the units digit of w?
7
Let a be ((-16)/20)/((-8)/20). Suppose -h = 3*i - 23, -4*i = 2*h + 7 - 41. Let q = a + i. What is the units digit of q?
8
Let b(y) = y**2 - 13*y + 10. What is the units digit of b(-4)?
8
Suppose -p - 1 = 4, 112 = n - 4*p. Suppose z - 5*z + n = 0. Suppose -z - 18 = -x. What is the units digit of x?
1
Let d(j) = 5*j**3 + 13*j**2 - 16*j - 2. Let u(s) = 11*s**3 + 26*s**2 - 31*s - 4. Let w(p) = -13*d(p) + 6*u(p). What is the units digit of w(11)?
2
Let g(u) = 5*u + 11. Let d be g(-5). Let k = 12 - d. Suppose -2*n = -k - 0. What is the units digit of n?
3
What is the hundreds digit of 402 - (-3 + 0 - (-8 - -1))?
3
Let k(q) = 2*q**2 - 3*q - 4. Let f be k(4). Let c be 0*(-4)/f - -3. Suppose -c*u - 3*u = -24. What is the units digit of u?
4
Let l(q) = -24*q**3 - q**2 - 3*q - 1. Let z be l(-1). Suppose 0 = -2*g + 7*g - z. Let i(x) = 8*x + 4. What is the units digit of i(g)?
4
Suppose -5*b = -2*t + 556, 3*t - 3*b - 834 = -5*b. What is the units digit of t?
8
Suppose -z + 4*z - 19 = -k, 4*z + k = 27. Suppose -131 = z*u - 899. What is the units digit of u?
6
Let u = 692 + -59. What is the units digit of u?
3
Suppose -4*a + 4 = 4*y, 0*a + 4*a = -3*y. Let g = a + 7. Suppose -3*i - 27 = -s, -g*s + 4*i + 50 = -42. What is the tens digit of s?
2
Let w = 11 - 7. Suppose -5*r = u - w*u - 49, -r = 2*u - 2. Suppose r - 37 = -i. What is the tens digit of i?
2
Let w be 5/35 - 591/21. Let r = 48 + w. What is the units digit of r?
0
Suppose 4*o + 22 = 3*j + 8*o, 0 = 5*j - o - 6. Suppose j*c - 81 - 54 = -5*g, -4*c - 3*g = -277. What is the units digit of c?
0
Let k be ((6/(-5))/1)/((-6)/20). Suppose -k*b + j + 40 = 3*j, 0 = -b + j + 4. What is the units digit of b?
8
Let v = -2 - -5. Suppose 2*t + 4*m = v*t - 1, -3*m + 15 = 0. What is the tens digit of t?
2
Let l(u) = -u**3 - 4*u**2 + 6*u + 3. Suppose z + 2*b + 2 = -z, -b + 4 = 0. Let c be l(z). What is the tens digit of c/3 - 801/(-27)?
2
Let j be 2 + 6/(-3) + 1. Let m(n) be the third derivative of n**6/30 + n**3/6 - 2*n**2. What is the units digit of m(j)?
5
Suppose 3*q - 6*q = -240. What is the units digit of q/1 + -5 + (14 - 5)?
4
What is the tens digit of (-12)/(-30) - (-2373)/5?
7
Let n be (12/21)/(4/28). Suppose 406 = n*a + 3*a. Suppose a = 2*d - 10. What is the tens digit of d?
3
Let j(a) = -43*a - 2. Let t be j(-4). Let s = t - 106. What is the tens digit of s?
6
Suppose -4*l = -13*l + 7749. What is the hundreds digit of l?
8
Suppose 55*c = 50*c + 6870. What is the hundreds digit of c?
3
Suppose 3*z = 4*z + 164. Let p = z - -250. What is the units digit of p?
6
Let z(w) = -w**3 - 11*w**2 + 5*w + 16. What is the tens digit of z(-14)?
3
Suppose -11 = -k - q, 0 = -k + 4*q - q + 7. Suppose v + v = k. Let z(x) = x**2 - 4*x + 6. What is the tens digit of z(v)?
1
Let c(k) = -k + 14. Let g be c(10). Suppose -g*i = -28 - 44. What is the units digit of i?
8
Let s be -3 + (-4)/4*1. What is the units digit of 7/((-7)/12)*s?
8
Let q(o) = 7*o**2 + 97*o + 35. Let r(i) = 2*i**2 + 24*i + 9. Let b(c) = -2*q(c) + 9*r(c). What is the units digit of b(-6)?
3
Let q = -729 + 1113. What is the hundreds digit of q?
3
Let t = 22 - 20. Suppose d - t = 3*r - 0*r, 3*d + 4*r - 6 = 0. Suppose -5*f + 59 = -d*g, -4*f - 5*g + 38 = -2*g. What is the tens digit of f?
1
Suppose -105 = 5*w + 5*y, 31 = -3*w - 5*y - 24. Let c = 53 + w. Suppose -4*g - 5*k = -70, -3*g + k + c = -g. What is the tens digit of g?
1
Let q(t) = -3*t**3 - 2*t**2 + 4*t. Let l be (94/18 - 5) + (-58)/18. What is the units digit of q(l)?
1
Suppose 0 = 5*q + 2*n - 7*n, 2*q + 5*n = 7. Suppose -5*k = -5*x + 360, -2*k - 3 = -q. What is the tens digit of x?
7
Suppose -o = -3*r - 2*r + 1019, 0 = -r + o + 207. What is the hundreds digit of 2 + (r - (-8)/4*-1)?
2
Let b = -4 + 2. Let l be (-16)/b*(-8)/(-16). Suppose -l*h - h + 95 = 0. What is the units digit of h?
9
Let u = 13 - 8. Suppose -160 = u*r + 40. What is the units digit of 6/4*r/(-12)?
5
Suppose -2*a - 229 = 3*p, p + 41 + 58 = 5*a. Let b = p + 140. What is the units digit of b?
1
Suppose 2*z + 8 = 12. Suppose 0*n = -z*n + 20. What is the tens digit of n?
1
Let n(y) be the second derivative of 0 + 23*y**2 + 1/3*y**3 - 15*y. What is the tens digit of n(0)?
4
What is the thousands digit of (6/(36/87))/((-20)/(-7240))?
5
Suppose -3*c + 414 = -4*t, t + 2*t = -5*c - 325. What is the hundreds digit of (-2)/15 - 13034/t?
1
Let v be (-20)/6*(4 + 2). Let w = 14 + 19. Let g = w + v. What is the units digit of g?
3
Suppose 3*v = -10 - 11. Let o(k) = -k**2 - 6*k + 10. Let q be o(v). Suppose 2*m = q*m - 25. What is the tens digit of m?
2
Let m be (548 - 6)/(3 - 2). Let x = m + -355. What is the tens digit of x?
8
Let j(w) = w**3 + 8*w**2 + 8*w - 2. Let p be j(-6). Suppose o - 46 - p = 0. Let k = o + -35. What is the tens digit of k?
3
Let y = 5 - 3. Let l be 2 + (2 - y) + 23. Let i = l + -18. What is the units digit of i?
7
Let c(n) = 2*n**2 + 14*n + 18. Suppose -2*u = u - 15. Suppose -7 = -u*b - 47. What is the tens digit of c(b)?
3
Let t(y) be the second derivative of y**5/20 - 7*y**4/6 + y**3/2 - 9*y. What is the units digit of t(14)?
2
Let d = 41 + -238. Let l = d + 291. What is the tens digit of l?
9
Let l(t) = t**2 + 6*t + 3. Let o be l(-5). Let a(c) = 2*c**2 + c - 1. Let d be a(o). Suppose d*u - 34 = 21. What is the tens digit of u?
1
Let z = 5 - 6. Let o be (z + -2 + 3)/1. Suppose -4*x + 59 = 2*p - x, 4*p + 4*x - 116 = o. What is the tens digit of p?
2
Let t = 14 + -48. Let v = t - -57. Let h = v - -5. What is the tens digit of h?
2
Suppose 28 = 561*p - 547*p. Let v = 309 - 179. Suppose -3*z = 2*m - v, -2*m - 82 = -p*z - 12. What is the units digit of z?
0
Let k = -82 + 90. What is the tens digit of ((-732)/(-18))/(k/3 - 2)?
6
Let g(r) = -r**3 - 7*r**2 - 11*r - 11. Let j be g(-6). Suppose j*s - 3*s - 3088 = 0. What is the hundreds digit of s?
1
Let o(p) = -p**3 + 2*p**2 + 7*p + 6. Let k be o(4). Suppose k*z + 162 = 458. What is the units digit of z?
8
Let k = -4662 + 7387. What is the units digit of k?
5
Let v(c) = -19*c - 178. What is the units digit of v(-13)?
9
Let s(q) = q**3 - 8*q**2 + 5. Let n be s(8). Suppose 2*m - n*m + 117 = w, 0 = -m + 2*w + 46. What is the units digit of m?
0
Suppose -8*o = -16*o + 2768. Let s = o + -228. What is the units digit of s?
8
Let t be 2336/10 - 18/(-45). Suppose -2*o - t = -5*d + 814, 0 = 5*d + o - 1036. What is the units digit of d?
8
Let x = 2284 - 976. What is the thousands digit of x?
1
Let n be ((-18)/4)/((-14)/(-84)). Let p = 36 + n. What is the tens digit of (3/(-2))/(p/(-324))?
5
Let k(x) = x**3 - 21*x**2 + 2*x + 306. What is the hundreds digit of k(25)?
8
Let g(x) = -9*x**2 - 5 + 10*x**2 - 10 - x**3 - 10*x + 11*x**2. What is the units digit of g(9)?
8
Suppose 9 = -q + 1. Let b(o) = -o - 3. What is the units digit of b(q)?
5
Let o be (-351)/(-6) + (-15)/(-10). Suppose 3*b - o = 57. What is the tens digit of b?
3
Let x(y) = 4*y**2 + 62*y + 47. What is the hundreds digit of x(-21)?
5
Suppose 101 = 5*n - 34. Let t be 222/n - (-4)/(-18). Let s = t - -13. What is the units digit of s?
1
Suppose 2*u + 4124 = 3*a, -3*a + 6*u + 4122 = 3*u. What is the thousands digit of a?
1
Suppose -4*i = 14 - 2. Let g be ((-108)/(-28) + i)*7. Suppose -g*q + 28 = -4*q. What is the tens digit of q?
1
Suppose 20 = -y - 13. Let n be ((-16)/6)/(11/y). Suppose 0 = -2*o - c + 48, 5*c - 18 + n = 0. What is the tens digit of o?
2
What is the hundreds digit of 12/(-8)*1*(-3910)/15?
3
Suppose -3*d = -j - 2919, -4*j = -4*d - 0*d + 3884. What is the units digit of d?
4
Let z(n) = n**3 + 3*n**2 - n - 3. Let j be z(-3). Suppose 20 = -0*q - 4*q, j = -c + 5*q + 29. What is the units digit of (4 - 22)*c/(-8)?
9
Suppose -4936 - 27288 = -16*b. What is the units digit of b?
4
What is the hundreds digit of 18/243*-3 + 7906/18?
4
Let z be (-3 + -13)*2/4. Let q be 4 + z*1 + 8. Sup